- 24 = -132. Let z = 47 - g. List the prime factors of z.
2, 5
Let i be (((-288)/2)/4)/((-6)/8). Let w = -10 + 4. Let q = i - w. What are the prime factors of q?
2, 3
Let f be ((-6)/(-15))/((-3)/(-15)). List the prime factors of (-5 + 78/6)*(21 - f).
2, 19
What are the prime factors of 18*-43*(-2)/6?
2, 3, 43
Let b(a) = -a**2 + 9*a - 1. Let f be b(7). Suppose 2*p + f = w - 10, 0 = w - 5*p - 11. What are the prime factors of w?
31
Suppose c = 7 + 1. Let w be (5/5)/((-1)/(-5)). Suppose u - w*u = -c. What are the prime factors of u?
2
What are the prime factors of ((-17)/2)/((-33)/4422)?
17, 67
Suppose 317*x - 330*x + 26520 = 0. List the prime factors of x.
2, 3, 5, 17
Let r be 8/6 - 1586/(-39). Suppose -r*i + 828 = -38*i. What are the prime factors of i?
3, 23
Let h be (-7 + 16)*(2 + -1). Suppose -10*v = -h*v - 108. Suppose -3*l + 2*i + 153 = -i, -2*l - 4*i = -v. What are the prime factors of l?
2, 13
Suppose 0 = -16*a - 40504 + 107656. What are the prime factors of a?
3, 1399
Suppose -14 + 2 = -4*r. Let d = 6 - r. Suppose -24 = -2*p + 5*v, d*p + 5*v - 2 = 9. What are the prime factors of p?
7
Let p(n) = 3*n - 6. Let h be p(3). Suppose 26 = 2*l + h*f, l + 4*f - 11 = 3*f. Suppose l + 35 = 2*r. List the prime factors of r.
3, 7
Let c(y) be the third derivative of -y**4/24 + 5*y**3/6 - 11*y**2. What are the prime factors of c(-15)?
2, 5
Let j(d) = -6*d + d - 9*d - 4. Let z = 457 + -460. List the prime factors of j(z).
2, 19
Let v(k) = -2*k**2 - 6*k + 6. Let c be v(-4). Let h(a) = -63*a + 12. List the prime factors of h(c).
2, 3, 23
Suppose 3*a - 783 = -2*d, 3*d + 5*a - 805 = 370. What are the prime factors of d?
2, 3, 5, 13
Suppose 0 = 2*z - 15 - 5. What are the prime factors of 534/5 + (-8)/z?
2, 53
Let d be ((-4)/10 + 0)*30. List the prime factors of (9/d)/((-2)/104).
3, 13
What are the prime factors of (19 + -1008)/(-2 - -1) - 6?
983
Suppose 4*x = 4 + 12. Let y be (1/(-3))/(3/(-45)). Suppose -4*s + 2*u + 86 = 0, -x*u + 0*u = y*s - 140. What are the prime factors of s?
2, 3
Let r = -1586 - -3135. What are the prime factors of r?
1549
Suppose j + 0*v = -3*v + 29, -2*j + v + 37 = 0. List the prime factors of (-2)/j - 761/(-10).
2, 19
Let s(c) = 537*c**2 - 2*c - 4. What are the prime factors of s(-2)?
2, 3, 179
Let y = 110 - -212. Let l = -194 + y. List the prime factors of l.
2
Suppose -55*h = -57*h + 1708. Suppose 2*a = 9*a - h. List the prime factors of a.
2, 61
What are the prime factors of (5 + (-34)/6)/((-8)/28020)?
5, 467
Let o(m) = 18 + 35*m - 8 + 9 - 51*m + 2*m**2. Suppose -c + 0*c = -10. What are the prime factors of o(c)?
59
Let d be (-3)/(-12) - (4/16 + 4). What are the prime factors of -3 - d/(16/404)?
2, 7
Suppose r - 4 = -0*r. Suppose 3*p + 191 = 5*d, -r*d = -6*d + 3*p + 71. Suppose q = 3*q - d. List the prime factors of q.
2, 5
Let z(k) = 4*k**2 + k - 1. Let l(y) = y**3 - y**2 - y - 4. Let p be l(0). List the prime factors of z(p).
59
Let q be 4/12 + (-4)/3. Let x be (3/2)/(q/(-30)). Suppose 2*d = 3*b + 18, -5*d = -6*b + 3*b - x. List the prime factors of d.
3
Suppose 2*l = l - 16. Let f = 20 + l. Suppose -6*a = -3*a - 5*u - 84, -3*a = -f*u - 84. What are the prime factors of a?
2, 7
Suppose 47*z - 43382 = 12313. What are the prime factors of z?
3, 5, 79
Suppose k - 2598 = -t, 11*k + 7796 = 14*k + 5*t. List the prime factors of k.
7, 53
Suppose 3 = j - 3*h - 14, -j + h + 7 = 0. Suppose 3*f - 233 = -w + 2, -165 = -j*f + w. What are the prime factors of f?
2, 5
Suppose 3 = o - 827. What are the prime factors of o?
2, 5, 83
Suppose -167*l + 159*l + 3296 = 0. List the prime factors of l.
2, 103
Suppose 8*m + 2 = -14. What are the prime factors of m - 3367/(-28) - 6/(-8)?
7, 17
Suppose 3*l - 507 = 129. Suppose -3*u + 3*a = -153, 6*u - 2*u = -4*a + l. List the prime factors of u.
2, 13
Suppose -8754 = -3*b - 3*z, -2*b = 3*z + 149 - 5988. Suppose b = 10*o + 735. What are the prime factors of o?
2, 109
Suppose -f + 12 = 4*j, 1 = f + 3*j - 10. Let o(r) = r**3 - 7*r**2 - 8*r + 3. Let d be o(f). Suppose a + d = 45. What are the prime factors of a?
2, 3, 7
Let p(c) = 15*c**2 + 20*c - 26. What are the prime factors of p(-11)?
3, 523
Let m(u) = -u**2 + 1. Let o be m(1). Suppose 3*g - 3 = p, 4*g = 7*p - 4*p - 1. Let r = g + o. What are the prime factors of r?
2
Let h(x) = -15*x + 5. Let a be h(1). Let w(g) = g**2 + 2*g + 8. What are the prime factors of w(a)?
2, 11
Let a = 19 - 13. Suppose d + 3*o = 42, -d + a*o - 2*o = -28. Suppose -p + d = -0*p. What are the prime factors of p?
2, 3
Let p = -23 - -3784. List the prime factors of p.
3761
Suppose 4*t = 4*m + 76, 44 = -3*t - m + 109. List the prime factors of t.
3, 7
Let w(a) = -a**2 - 16*a + 9. Let d be w(-12). Let o = d - -8. Suppose 24 = f - 2*s, 2*f - 2*s + 23 - o = 0. What are the prime factors of f?
2, 3
Let j(i) = -34*i**2 - 3*i + 4. Let z(o) = 35*o**2 + 2*o - 3. Let w(d) = 2*j(d) + 3*z(d). What are the prime factors of w(-1)?
2, 3
Let v(b) = 4*b + 5. Let t be v(-2). Let x(n) = -2*n**3 - 3*n + 2. What are the prime factors of x(t)?
5, 13
Let t(w) be the first derivative of 4*w**2 - 5. Let q be t(1). Let b = q + 0. List the prime factors of b.
2
Let q = -100 - 14. What are the prime factors of q/(-8)*32/6?
2, 19
Let h = -290 - -647. What are the prime factors of h?
3, 7, 17
Suppose m = -5*a + 12, -m - 14 = -4*m - 4*a. Suppose -4*z - 8 = -m*z. List the prime factors of z/(-24) + 1004/24.
2, 3, 7
Suppose -3*r + 4634 = 11*r. List the prime factors of r.
331
Let p = 724 - 377. List the prime factors of p.
347
What are the prime factors of ((-130)/(-20) + -5)*1934?
3, 967
Let g be 2 + 0 - (-4 + 3). List the prime factors of 282/18*g*2.
2, 47
Let m = 1641 + -153. What are the prime factors of m?
2, 3, 31
Let l = 22 + -18. Suppose -3*g - 21 = -l*g. Let a = g + 23. What are the prime factors of a?
2, 11
Suppose -5*i - 4*y + 119 = -3*y, -5*i + 2*y = -122. Suppose 0 = 25*g - i*g - 53. List the prime factors of g.
53
Let h = -755 + 1333. What are the prime factors of h?
2, 17
Suppose 40*c - 36 = 37*c. What are the prime factors of (-2 + (-124)/(-4))*c/2?
2, 3, 29
Let g(z) = z**2 - 3*z + 174. Let o(u) = -u**2 + u - 1. Let f(j) = g(j) + 2*o(j). List the prime factors of f(0).
2, 43
Let w = 804 + 233. List the prime factors of w.
17, 61
Suppose 2*q + 126 = -5*q. Let p = q + 25. List the prime factors of p.
7
Let q = 3018 + -1451. List the prime factors of q.
1567
Suppose -z + 5*z = 864. Suppose 33*r - z = 29*r. List the prime factors of r.
2, 3
Let o(v) be the third derivative of -v**5/60 + 3*v**4/4 - v**3/6 + 14*v**2. List the prime factors of o(10).
79
Let m(y) = 21*y + 4. Let r be m(-7). What are the prime factors of (-2)/11 + (-8177)/r?
3, 19
Let n(x) = 6*x**3 + 12*x**2 + 8*x - 2. What are the prime factors of n(4)?
2, 3, 101
Suppose -p + 3*h + 2*h = -4, 3*p + 5*h = 72. Suppose p*q + 120 = 24*q. What are the prime factors of q?
2, 3
Let z(s) = s**2 - 2*s + 7. Let g(j) = -j**3 + 5*j**2 - 3*j - 4. Let x be g(3). Let p be z(x). Suppose p - 6 = 2*o. What are the prime factors of o?
2
Suppose 5 + 7 = 4*x. Suppose 587 = 5*k + 4*a, 3*a - 124 = -4*k + x*k. Suppose -2*p + k = 3*p. What are the prime factors of p?
23
Let c = 61 - 61. Let b(y) = 2*y + 107. List the prime factors of b(c).
107
Suppose 72 = l + 2*b, 0*l - l + 4*b + 48 = 0. List the prime factors of l/5*((-60)/(-6) + -5).
2
Let f(g) = -15*g**3 - 2*g**2. Let w(p) = -p + 10. Let j be w(12). List the prime factors of f(j).
2, 7
Suppose 21*n = -31*n + 67496. List the prime factors of n.
2, 11, 59
Suppose -l - 3*b = -6*b, 0 = -2*l + 2*b. Suppose 0 = -l*o - 2*o + 2. What are the prime factors of ((-2)/4)/(o/(-4))?
2
Let v = 420 - 203. What are the prime factors of v/3 - (-14)/21?
73
Let m(j) = 3*j - 2. Suppose 29 = u + 11. Suppose 0 = -l + 4*k - u, 0*l = 3*l + k - 11. List the prime factors of m(l).
2
Suppose 4*i = 8*i - 76. Suppose i*u - 15*u = 204. Let v = u - 30. List the prime factors of v.
3, 7
Suppose 38*a = 28*a - 3460. List the prime factors of a*-1*4/8.
173
Let u = 12 - 8. Let g be 0 - (-4)/(-2) - -28. Suppose -u*t = 12, -34 - g = -3*n + 3*t. What are the prime factors of n?
17
Let m = -10 + 13. Suppose 0 = 2*l - 5*g - 25, l - g = -0*l + 11. Suppose -k = -m*k + l. What are the prime factors of k?
5
Let h(a) = 7*a**2 + 12*a + 65. List the prime